= u + 7. Let k be l(-7). Let r(z) = z + 6. List the prime factors of r(k).
2, 3
Let l = 4 + 1. Suppose -3*g = -l*q + 70, 0*q = -q + 4*g + 14. List the prime factors of q.
2, 7
Let m = 134 + -68. List the prime factors of m.
2, 3, 11
Suppose 0 = -4*t + 5*j + 159, 3*j - 107 = -t - t. What are the prime factors of t?
2, 23
What are the prime factors of (-1038)/(-7) + 42/(-147)?
2, 37
Suppose 4*t = 5*n - 101, 4*t - 100 = -4*n - 12. List the prime factors of n.
3, 7
List the prime factors of 2*(2 - 29/(-2)).
3, 11
Suppose 4*v - 2*v - 850 = 0. Suppose -3*m + v = 2*m. Suppose -k + m = 4*k. List the prime factors of k.
17
Suppose -51 = -5*j + 4*j + g, 4*j - 209 = -g. Let r = j - 15. Suppose 5*l = -3*t + 39, -3*l = 2*l + 4*t - r. List the prime factors of l.
3
Suppose o + 5*l = 2*l + 11, 5*l - 13 = o. List the prime factors of -3 + (23 - 0) + o.
2, 11
Let l(y) = 53*y + 9. List the prime factors of l(2).
5, 23
Suppose -8*b - 174 = -11*b. Let w = b + -41. What are the prime factors of w?
17
Suppose 2 = -4*i - 6. Let d be (-35)/(-10) + 1/i. Suppose 0*g = d*g - 9. List the prime factors of g.
3
Let z(i) = -i + 7. What are the prime factors of z(-4)?
11
Let o(l) = l. Let x be o(5). Suppose x*p = -5*b + 15, -p + 6*p = -b + 3. Suppose -5*w = -2*q - 0*q + 31, 3*q - b*w = 24. What are the prime factors of q?
3
What are the prime factors of 12501/54 - 2/4?
3, 7, 11
Let d(z) be the second derivative of z**5/20 - 7*z**4/12 + z**3/2 + 2*z**2 - 2*z. Let w be d(6). Let s = w - -25. List the prime factors of s.
11
Suppose -3*g + 4*q + 53 + 342 = 0, -5*g + 640 = -3*q. What are the prime factors of g?
5
Suppose 4 = 2*y + w, 10 = 8*w - 3*w. What are the prime factors of 17 + (-8)/4*y?
3, 5
Let g be (6/1)/(27/18). Suppose 2*f = g*u - 112, 4*f - 129 = -4*u - 29. List the prime factors of u.
3
Let r = 193 + -106. What are the prime factors of r?
3, 29
Suppose -104 = -2*f + 168. What are the prime factors of f?
2, 17
Let f be 6/1*6/18. What are the prime factors of (-6)/(-4) - (-67)/f?
5, 7
Let f be (16/6)/((-6)/81). Let c = -24 - f. List the prime factors of c.
2, 3
Let w = -35 + 39. Suppose 0*a + 4*k = 2*a, a = 4*k - 2. Suppose 0 = -4*c - a*s + 5*s + 1, -2*s = -w*c + 6. List the prime factors of c.
2
Let w be 1*1/(-2)*-222. Let x be 2/(-7) - w/(-21). Suppose 4*b - 11 = y, x*y = 3*b + 2*y - 15. List the prime factors of b.
2
Let i(x) = -x**2 - 17*x + 5. List the prime factors of i(-12).
5, 13
Let q = 86 - 11. List the prime factors of q.
3, 5
Suppose 36 = -5*s - 3*x, -4*x = 4*s + 1 + 23. Let u = s + 16. List the prime factors of u.
7
Let k = 44 + 99. List the prime factors of k.
11, 13
Let z(g) = g**3 + g + 395. Let m be 0 + (0/3)/(-2). Let k be z(m). List the prime factors of (-4)/14 - k/(-35).
11
Let t(g) = -6*g**3 + 4*g**2 + 3*g + 3. Let x(j) = -5*j**3 + 4*j**2 + 3*j + 2. Let d(n) = -4*t(n) + 5*x(n). What are the prime factors of d(4)?
2, 5
Let y = 117 + -33. Suppose 3*d + y = 6*d. List the prime factors of d.
2, 7
Let g(v) = v**3 + 4*v**2 - 4*v + 4. Let h be g(-5). Let d(o) = -3*o**2 + 9*o**2 - 1 + 2 + 2*o + 8*o**2. List the prime factors of d(h).
13
Suppose 4*g - 98 = -2*t, 2*g = g + t + 17. List the prime factors of g.
2, 11
Let t be 7/28 - 71/(-4). Suppose -2*m = -t - 10. What are the prime factors of m?
2, 7
Let y(h) = 9*h + 3. Let v be y(3). Suppose 164 = 3*b + 4*m + 44, -2*b + 4*m + 100 = 0. Let u = b - v. List the prime factors of u.
2, 7
Let g = 570 + -129. What are the prime factors of g?
3, 7
Let n(m) = -m**2 - 4*m + 3. Let u be n(-4). Suppose -3*w + w - l + 51 = 0, -u*w + 87 = -2*l. Suppose 3*v - w = -0*v. List the prime factors of v.
3
Let z = -2 + 2. Suppose z = -0*q - 5*q + 35. Suppose 2*a - 18 = 3*o - q*o, 1 = -o + 5*a. List the prime factors of o.
2
Let x = 36 + 30. Let b = x - 41. Suppose 2*s - 14 = -m, 5*s + m - 4 = b. What are the prime factors of s?
5
Suppose -p + 108 = 2*p. Let w = p - 8. Let u = w + -20. What are the prime factors of u?
2
Suppose x - 76 = -3*x. Suppose 2*v - 3*t - 57 = 2*t, 5*v + 3*t - 158 = 0. Let i = v - x. What are the prime factors of i?
2, 3
Let a = 16 - 12. What are the prime factors of a?
2
Let j = 117 + -32. List the prime factors of j.
5, 17
Suppose 0*u - 5*u - 20 = 0. Let m = 42 - 27. Let h = u + m. List the prime factors of h.
11
List the prime factors of 4 - (3/2)/((-4)/872).
331
Let v = -31 + 52. List the prime factors of v.
3, 7
Suppose 5*d = 3 - 13. Let j = d - -5. What are the prime factors of j?
3
Suppose 2*z = 3*a + 439, 4*a - 84 - 320 = -2*z. What are the prime factors of z?
2, 53
What are the prime factors of 418/(-19)*6/(-4)?
3, 11
Suppose 4*q + 1 = -m, m = 2*m + 5*q + 2. List the prime factors of (6 - m)/(-3) + 23.
2, 11
Suppose 2*c - 3*a = 11 + 12, -5*a = 15. List the prime factors of (-1)/(-2)*(1 + c).
2
Let v(g) = -7*g - 1. List the prime factors of v(-4).
3
Let g = 8 - -10. List the prime factors of g.
2, 3
Suppose -c - 17 = -5*d, -2*c - 2*c = -5*d + 8. Let v(b) = -b**3 + 6*b**2 - 5*b + 3. List the prime factors of v(d).
3, 5
What are the prime factors of (-5 - (-133)/21)/((-2)/(-273))?
2, 7, 13
Let l be (-4)/18 + (-282)/(-54). Suppose -2*r + z - 50 = -l*r, -r = -2*z - 12. What are the prime factors of r?
2
Suppose -121 = -2*s + 5*z, -2*s + 2*z - 182 = -6*s. Let m = -23 + s. What are the prime factors of m?
5
Let d be (-3 + 9)*(-1 - (-10)/6). Let a be -1*1*16/(-2). Let h = a - d. What are the prime factors of h?
2
Let t(o) = -o - 6. Let x be t(0). Let r(w) = -3*w - 1. List the prime factors of r(x).
17
Let j be 73/2 - (-9)/18. Let x = -17 + j. List the prime factors of x.
2, 5
Suppose -1980 = -7*y - 4*y. List the prime factors of y.
2, 3, 5
Let c(m) = -m + 10. Let u(n) = 2*n - 20. Let f(d) = 7*c(d) + 3*u(d). Let b be f(8). Suppose 25 - 11 = b*h. What are the prime factors of h?
7
Let o be 2 - (-5 - (3 - 5)). Suppose 13 + 6 = 5*c - 4*j, o*c = -j + 39. What are the prime factors of c?
7
Let f = 351 + -176. List the prime factors of f.
5, 7
Let c(u) = -8*u**2 - 10*u - 2. Let z(h) = 7*h**2 + 9*h + 2. Let q(b) = 4*c(b) + 5*z(b). What are the prime factors of q(-3)?
2, 7
Let c = -9 - -5. List the prime factors of (-62)/(-3) - c/(-6).
2, 5
Suppose 7*w = -4*w + 935. What are the prime factors of w?
5, 17
Let u = 7 - 4. Suppose 0 = u*n + 6, 0 = 2*f - 0*f + 5*n - 134. Suppose 4*i + 24 = y, 0*y = -5*y + 4*i + f. List the prime factors of y.
2, 3
Let b(h) = h**3 - 8*h**2 + 8*h - 7. Let y be b(7). Suppose o + y = 7. Suppose o*x = 2*x + 15. List the prime factors of x.
3
Suppose 0*a = -2*a + 64. What are the prime factors of a?
2
Let r(z) = 13*z**2 + 41*z + 19. Let u(k) be the first derivative of -k**3 - 5*k**2 - 5*k - 1. Let h(f) = 2*r(f) + 9*u(f). List the prime factors of h(-6).
5
Let l(y) = y**2 - y - 4. Let g be l(3). Let i = -2 + g. Suppose 4*m + 28 = 4*s - i*s, -4*s + 10 = 5*m. What are the prime factors of s?
5
Let s be -2*2/((-2)/1). Let c be 372/30 + 2/(-5). Suppose -s*v - c = -5*v. What are the prime factors of v?
2
Let j(y) = y**2 - 3*y + 3. Let u be j(7). List the prime factors of (-2 - -3) + (u - 1).
31
Suppose -6*x + 3*x = -606. List the prime factors of x.
2, 101
Suppose -11 - 14 = -5*v, -4*h + v + 15 = 0. Suppose -h - 1 = -2*b. What are the prime factors of b?
3
Let n(d) be the first derivative of 8*d**3/3 + d**2/2 + d + 1. List the prime factors of n(-1).
2
Let h(l) = -91*l + 4. List the prime factors of h(-1).
5, 19
Suppose j - 11 = 2*t, 0 = -j - t + 6*t + 14. Suppose -w - 2*w + j = 0. Suppose 5*c - 24 = -2*r + 2*c, 25 = w*r - c. List the prime factors of r.
3
Suppose 2*p = -3*i - p + 48, 5*i - 84 = -4*p. List the prime factors of i.
2, 5
Let y(d) = d**3 + 10*d**2 - 10*d + 15. Let l be y(-11). What are the prime factors of 2/l - (-25)/10?
3
Let k be (-2)/(-5) + 140/25. Suppose -2*s + u = k*u - 26, 5*u = 3*s + 11. List the prime factors of s*(-4)/((-12)/9).
3
Suppose 0 = 2*d - 0*d - 2*f - 10, -f - 5 = -2*d. Suppose -2*z - z + 42 = d. What are the prime factors of z?
2, 7
Let j = 6 - 4. Suppose j*f + 24 = 4*f. What are the prime factors of f?
2, 3
Let f = -5 - -6. Let k = f + 4. Suppose 2*d + 58 = 6*d - h, 25 = d + k*h. What are the prime factors of d?
3, 5
What are the prime factors of 34/(-6)*-3 - (7 + -3)?
13
Suppose 0 = -2*r + 8*r - 282. What are the prime factors of r?
47
Let r = -8 + 15. Supp